{"id":146,"date":"2025-12-03T18:59:26","date_gmt":"2025-12-03T18:59:26","guid":{"rendered":"https:\/\/www.energies-et-moi.fr\/?page_id=146"},"modified":"2025-12-05T18:44:36","modified_gmt":"2025-12-05T18:44:36","slug":"en-entreprise-evenementiel","status":"publish","type":"page","link":"https:\/\/www.energies-et-moi.fr\/index.php\/en-entreprise-evenementiel\/","title":{"rendered":"ENTREPRISE \/ EVENEMENTIEL"},"content":{"rendered":"\n<h2 class=\"wp-block-heading\">Massages en entreprise, en collectivit\u00e9, \u00e9v\u00e8nementiel public ou priv\u00e9<\/h2>\n\n\n\n<p class=\"has-text-align-center\"><strong>En 1 heure, jusqu\u2019\u00e0 4 personnes mass\u00e9es<\/strong> <strong>et \u00eatre pleinement relax\u00e9es !<\/strong><\/p>\n\n\n\n<p>Le massage s\u2019invite d\u00e9sormais dans les lieux de travail. Pas besoin de tableaux avec des roseaux, de musique japonisante, ni d&#8217;enlever ses v\u00eatements, ou encore, d\u2019une pleine heure de massage pour effacer les courbatures de votre personnel. <\/p>\n\n\n\n<p>Pratique privil\u00e9gi\u00e9e pour t\u00e9moigner de la reconnaissance \u00e0 votre personnel, et<strong> lutter ainsi, contre l\u2019absent\u00e9isme<\/strong>.<\/p>\n\n\n\n<p><\/p>\n\n\n\n<h2 class=\"wp-block-heading\">LE MASSAGE AMMA<\/h2>\n\n\n\n<p>Ma chaise ergonomique pour le confort, une pi\u00e8ce chauff\u00e9e,\u00a0 et je m\u2019occupe du reste !<\/p>\n\n\n\n<p>Le dos, la nuque, les \u00e9paules, les bras, les mains, la t\u00eate seront trait\u00e9es. Un massage court mais efficace, qui s\u2019effectue directement \u00e0 m\u00eame les v\u00eatements (ainsi m\u00eame votre personnel le plus timide ou pudique pourra en profiter). Un encha\u00eenement de p\u00e9trissages, \u00e9tirements, percutions et pressions sera effectu\u00e9, et adapt\u00e9 \u00e0 chacun en tenant compte des tensions et demandes individuelles. Outre la relaxation imm\u00e9diate, cette parenth\u00e8se de d\u00e9tente participera \u00e0 la r\u00e9duction des douleurs physiques (qui peuvent \u00eatre dues \u00e0 des postures r\u00e9p\u00e9t\u00e9e au travail), et \u00e9galement \u00e0 la diminution du stress.<\/p>\n\n\n\n<h2 class=\"wp-block-heading\">LE MASSAGE CR\u00c2NE &amp; T\u00caTE<\/h2>\n\n\n\n<p>S&#8217;effectue sur ma table de massage, <br><br>Issue du Shiatsu, une s\u00e9rie de pressions sur des zones sp\u00e9cifiques du visage et du cr\u00e2ne pour l\u00e2cher les pressions. Simple et terriblement efficace.<\/p>\n\n\n\n<h2 class=\"wp-block-heading\">LE MASSAGE DES PIEDS<\/h2>\n\n\n\n<p>S&#8217;effectue sur ma table de massage, on retire seulement les chaussettes. Tr\u00e8s peu d&#8217;huile ou de baume.<br><br>Le Soku Shindo est un massage japonais qui signifie &#8220;grande d\u00e9tente&#8221;. M\u00eame sur une session r\u00e9duite, il reste incroyable pour chasser le stress.<\/p>\n\n\n\n<h2 class=\"wp-block-heading\">PANACHAGE POSSIBLE<\/h2>\n\n\n\n<p>On peut d\u00e9finir un temps, et ensuite la personne choisira le massage entre ceux s\u00e9lectionn\u00e9s ensemble. <\/p>\n\n\n\n<p>Pensez \u00e9galement \u00e0 offrir cette prestation lors de vos \u00e9v\u00e9nementiels (s\u00e9minaires, arbres de No\u00ebl, \u2026).<\/p>\n\n\n\n<h2 class=\"wp-block-heading\">EVENEMENTIEL PRIVE<\/h2>\n\n\n\n<p>Que cela soit pour un enterrement de Vie de Jeune Fille, un Mariage, un \u00e9v\u00e8nement sportif&#8230; nous pouvons trouver ce qui vous conviendra. N&#8217;h\u00e9sitez pas \u00e0 me joindre.<\/p>\n\n\n\n<p>Je me d\u00e9place dans un rayon de 50 kms autour de Ste Croix En Bresse (Louhans 71).<\/p>\n\n\n\n<p>S\u00e9ance d\u00e9couverte gratuite sur simple demande (ex\u00e9cut\u00e9e sur 2 personnes maximum, \u00e0 30 kms max de Ste Croix, offre valable qu\u2019une seule fois\/entreprise). Uniquement valable pour les entreprises ou collectivit\u00e9s (pas les \u00e9v\u00e8nementiels)<br><br><\/p>\n\n\n\n<p><\/p>\n","protected":false},"excerpt":{"rendered":"<p>Massages en entreprise, en collectivit\u00e9, \u00e9v\u00e8nementiel public ou priv\u00e9 En 1 heure, jusqu\u2019\u00e0 4 personnes mass\u00e9es et \u00eatre pleinement relax\u00e9es ! Le massage s\u2019invite d\u00e9sormais dans les lieux de travail. Pas besoin de tableaux avec des roseaux, de musique japonisante, ni d&#8217;enlever ses v\u00eatements, ou encore, d\u2019une pleine heure de massage pour effacer les courbatures&hellip;&nbsp;<a href=\"https:\/\/www.energies-et-moi.fr\/index.php\/en-entreprise-evenementiel\/\" rel=\"bookmark\"><span class=\"screen-reader-text\">ENTREPRISE \/ EVENEMENTIEL<\/span><\/a><\/p>\n","protected":false},"author":1,"featured_media":0,"parent":0,"menu_order":0,"comment_status":"closed","ping_status":"closed","template":"","meta":{"neve_meta_sidebar":"","neve_meta_container":"","neve_meta_enable_content_width":"","neve_meta_content_width":0,"neve_meta_title_alignment":"","neve_meta_author_avatar":"","neve_post_elements_order":"","neve_meta_disable_header":"","neve_meta_disable_footer":"","neve_meta_disable_title":"","footnotes":""},"class_list":["post-146","page","type-page","status-publish","hentry"],"_links":{"self":[{"href":"https:\/\/www.energies-et-moi.fr\/index.php\/wp-json\/wp\/v2\/pages\/146","targetHints":{"allow":["GET"]}}],"collection":[{"href":"https:\/\/www.energies-et-moi.fr\/index.php\/wp-json\/wp\/v2\/pages"}],"about":[{"href":"https:\/\/www.energies-et-moi.fr\/index.php\/wp-json\/wp\/v2\/types\/page"}],"author":[{"embeddable":true,"href":"https:\/\/www.energies-et-moi.fr\/index.php\/wp-json\/wp\/v2\/users\/1"}],"replies":[{"embeddable":true,"href":"https:\/\/www.energies-et-moi.fr\/index.php\/wp-json\/wp\/v2\/comments?post=146"}],"version-history":[{"count":2,"href":"https:\/\/www.energies-et-moi.fr\/index.php\/wp-json\/wp\/v2\/pages\/146\/revisions"}],"predecessor-version":[{"id":212,"href":"https:\/\/www.energies-et-moi.fr\/index.php\/wp-json\/wp\/v2\/pages\/146\/revisions\/212"}],"wp:attachment":[{"href":"https:\/\/www.energies-et-moi.fr\/index.php\/wp-json\/wp\/v2\/media?parent=146"}],"curies":[{"name":"wp","href":"https:\/\/api.w.org\/{rel}","templated":true}]}}