{"id":107,"date":"2025-12-01T00:08:50","date_gmt":"2025-12-01T00:08:50","guid":{"rendered":"https:\/\/ybkzpau.cluster121.hosting.ovh.net\/?page_id=107"},"modified":"2025-12-05T18:46:12","modified_gmt":"2025-12-05T18:46:12","slug":"massage-soku-shindo-pieds","status":"publish","type":"page","link":"https:\/\/www.energies-et-moi.fr\/index.php\/massage-soku-shindo-pieds\/","title":{"rendered":"Massage Soku Shindo (Pieds)"},"content":{"rendered":"\n<h2 class=\"wp-block-heading\">Soku shinto&nbsp;: le massage divin des pieds<\/h2>\n\n\n\n<p><a><\/a>Le massage Soku Shinto est une technique traditionnelle japonaise de massage des pieds qui signifie litt\u00e9ralement \u00ab&nbsp;grande d\u00e9tente&nbsp;\u00bb. Des man\u0153uvres effectu\u00e9es uniquement sur les pieds et qui visent \u00e0 r\u00e9\u00e9quilibrer l\u2019\u00e9nergie vitale et \u00e0 favoriser un bien-\u00eatre global.<br><br>Pratiqu\u00e9 depuis des si\u00e8cles, il repose sur l\u2019id\u00e9e que chaque zone du pied est reli\u00e9e \u00e0 un organe ou \u00e0 une fonction du corps. En stimulant ces points sp\u00e9cifiques, le massage agit en profondeur, autant sur le plan physique que sur le plan \u00e9motionnel. Il \u0153uvre aussi dans l\u2019\u00e9limination des toxines, a des vertus purifiantes et revitalisantes.<br><br>Le Soku Shinto ne se limite pas \u00e0 un simple massage relaxant. Il offre de nombreux bienfaits :<\/p>\n\n\n\n<ul class=\"wp-block-list\">\n<li>Drainage naturel\u00a0: active la circulation sanguine, lymphatique contribuant \u00e0 l&#8217;\u00e9vacuation des toxines<\/li>\n<\/ul>\n\n\n\n<ul class=\"wp-block-list\">\n<li>Purification \u00e9nerg\u00e9tique : en lib\u00e9rant les blocages, il r\u00e9tablit la libre circulation de l\u2019\u00e9nergie vitale.<\/li>\n<\/ul>\n\n\n\n<ul class=\"wp-block-list\">\n<li>D\u00e9tente profonde : rel\u00e2che les tensions accumul\u00e9es et favorise un sommeil r\u00e9parateur.<\/li>\n<\/ul>\n\n\n\n<ul class=\"wp-block-list\">\n<li>Soulagement de certains inconforts\u00a0: il apaise les soucis li\u00e9s aux jambes lourdes, aux tensions musculaires ou au stress.<\/li>\n<\/ul>\n\n\n\n<ul class=\"wp-block-list\">\n<li>\u00c9quilibre int\u00e9rieur : en harmonisant l\u2019\u00e9nergie du corps gr\u00e2ce \u00e0 la stimulation des zones r\u00e9flexes li\u00e9es aux organes d&#8217;\u00e9limination foie, reins, intestins), il aide \u00e0 retrouver calme et vitalit\u00e9.<\/li>\n<\/ul>\n\n\n\n<p><a><\/a>Le Soku Shinto, c\u2019est comme une cure de vitamines : une s\u00e9ance fait du bien sur le moment, mais c\u2019est la r\u00e9gularit\u00e9 qui entretient l\u2019\u00e9quilibre et renforce le terrain.<br><br>En entretien, 1 s\u00e9ance par mois suffit pour garder \u00e9quilibre et vitalit\u00e9 tout en boostant votre immunit\u00e9.<br><br>Au minimum, 1 s\u00e9ance \u00e0 chaque changement de saison pour accompagner le corps dans ses transitions. (\u00e0 chaque changement de saison, votre corps traverse une transition (en \u00e9nerg\u00e9tique chinoise, chaque saison a ses organes-cl\u00e9s : foie\/printemps, c\u0153ur\/\u00e9t\u00e9, rate\/fin d\u2019\u00e9t\u00e9, poumons\/automne, reins\/hiver). Le Soku Shinto accompagne ces passages, aide le corps \u00e0 se purifier et \u00e0 s\u2019adapter.<\/p>\n\n\n\n<p><a><\/a>Une exp\u00e9rience unique.<br><br>Pendant une s\u00e9ance, j&#8217;exercerai des pressions, des lissages et des stimulations cibl\u00e9es sur les diff\u00e9rentes zones r\u00e9flexes du pied. Chaque geste est pr\u00e9cis et vise \u00e0 lib\u00e9rer les blocages \u00e9nerg\u00e9tiques. Ce massage procure une sensation imm\u00e9diate de l\u00e9g\u00e8ret\u00e9 et un apaisement durable.<br><br>Alors que la r\u00e9flexologie plantaire peut \u00eatre douloureuse en ciblant l&#8217;appui d&#8217;un point pr\u00e9cis, ce massage aux mouvement plus fluides permet de cibler les zones r\u00e9flexes sans douleur<\/p>\n\n\n\n<p><a><\/a>\u2728 Nos formules \u00e0 la carte :<br><br>* Soko Shinto Flash (30 min) : la pause \u00e9quilibre (30 \u20ac)<br>* Soko Shinto Divin (1h) : le r\u00e9\u00e9quilibrage en profondeur (50 \u20ac)<br><br>\u2728 Abonnement :<br><br>&#8211; Forfait S\u00e9r\u00e9nit\u00e9 : 1 s\u00e9ance par mois pendant 1 an (la 12\u00e8me s\u00e9ance offerte)<br><br>Se pratique sur table de massage, avec huile ou baume selon votre peau. Vous restez habill\u00e9, juste vos pieds seront d\u00e9nud\u00e9s.<\/p>\n\n\n\n<p>Ne convient pas aux femmes enceintes<\/p>\n\n\n\n<p><\/p>\n","protected":false},"excerpt":{"rendered":"<p>Soku shinto&nbsp;: le massage divin des pieds Le massage Soku Shinto est une technique traditionnelle japonaise de massage des pieds qui signifie litt\u00e9ralement \u00ab&nbsp;grande d\u00e9tente&nbsp;\u00bb. Des man\u0153uvres effectu\u00e9es uniquement sur les pieds et qui visent \u00e0 r\u00e9\u00e9quilibrer l\u2019\u00e9nergie vitale et \u00e0 favoriser un bien-\u00eatre global. Pratiqu\u00e9 depuis des si\u00e8cles, il repose sur l\u2019id\u00e9e que chaque&hellip;&nbsp;<a href=\"https:\/\/www.energies-et-moi.fr\/index.php\/massage-soku-shindo-pieds\/\" rel=\"bookmark\"><span class=\"screen-reader-text\">Massage Soku Shindo (Pieds)<\/span><\/a><\/p>\n","protected":false},"author":1,"featured_media":0,"parent":0,"menu_order":0,"comment_status":"closed","ping_status":"closed","template":"","meta":{"neve_meta_sidebar":"","neve_meta_container":"","neve_meta_enable_content_width":"","neve_meta_content_width":0,"neve_meta_title_alignment":"","neve_meta_author_avatar":"","neve_post_elements_order":"","neve_meta_disable_header":"","neve_meta_disable_footer":"","neve_meta_disable_title":"","footnotes":""},"class_list":["post-107","page","type-page","status-publish","hentry"],"_links":{"self":[{"href":"https:\/\/www.energies-et-moi.fr\/index.php\/wp-json\/wp\/v2\/pages\/107","targetHints":{"allow":["GET"]}}],"collection":[{"href":"https:\/\/www.energies-et-moi.fr\/index.php\/wp-json\/wp\/v2\/pages"}],"about":[{"href":"https:\/\/www.energies-et-moi.fr\/index.php\/wp-json\/wp\/v2\/types\/page"}],"author":[{"embeddable":true,"href":"https:\/\/www.energies-et-moi.fr\/index.php\/wp-json\/wp\/v2\/users\/1"}],"replies":[{"embeddable":true,"href":"https:\/\/www.energies-et-moi.fr\/index.php\/wp-json\/wp\/v2\/comments?post=107"}],"version-history":[{"count":2,"href":"https:\/\/www.energies-et-moi.fr\/index.php\/wp-json\/wp\/v2\/pages\/107\/revisions"}],"predecessor-version":[{"id":217,"href":"https:\/\/www.energies-et-moi.fr\/index.php\/wp-json\/wp\/v2\/pages\/107\/revisions\/217"}],"wp:attachment":[{"href":"https:\/\/www.energies-et-moi.fr\/index.php\/wp-json\/wp\/v2\/media?parent=107"}],"curies":[{"name":"wp","href":"https:\/\/api.w.org\/{rel}","templated":true}]}}